5*v = 32, 54 = 4*p - c*p + 5*v. List the prime factors of p.
11
Suppose 61*h - 43330 = 49512. What are the prime factors of h?
2, 761
Let r(m) = 2*m**2 - m + 131. Let x be r(0). Let y = x - -22. Suppose -2*g = 5*o - 0*g - y, -2*o + 66 = -4*g. What are the prime factors of o?
31
Let z be 104/(-24) - (-2)/(-3). Suppose -9*t + 14 = -23*t. What are the prime factors of (-248)/(3 + z) - (-1)/t?
3, 41
Suppose 3*v - 4*r + 109 = 0, 5*r = -5*v - 0*v - 135. What are the prime factors of (-38068)/v*(-1)/(-2)?
2, 307
Let g be 12/(-54) + (-1490)/18. Let d = 85 + g. Suppose h - 5*w = 46, d*h - 7*h + 5*w + 170 = 0. What are the prime factors of h?
31
Let x be (-46)/(-4) + 12/(-8)*1. Let m(j) = -5*j - 24. Let b be m(x). Let f = 117 + b. What are the prime factors of f?
43
Let p = -9074 - -24513. What are the prime factors of p?
15439
Suppose -2*s = -5*p + 90, -p - 3*s + 18 = 2*s. Suppose -2*u - 4*o + p = 0, 0 = -3*o + 6*o. Suppose u*c + 16 - 394 = 0. What are the prime factors of c?
2, 3, 7
Let u = 910 - -1880. List the prime factors of u.
2, 3, 5, 31
Let u = -101 + 111. Let b(q) = -q**3 + 12*q**2 + 9*q + 14. Let f be b(u). Let n = f + -159. List the prime factors of n.
5, 29
Suppose 2*f + u - 169772 = 0, -19*u = f - 22*u - 84879. What are the prime factors of f?
3, 5, 5659
Suppose 1608 = -7*m - 1794. Let j = -262 - m. What are the prime factors of j?
2, 7
Let o(n) be the first derivative of n**3/3 - 19*n**2/2 + 4*n + 4. Let c be o(19). Suppose -5*r + 5 = c*i, i - 2*r - 2*r = 17. What are the prime factors of i?
5
Suppose 744187 - 388641 + 1049994 = 124*y. List the prime factors of y.
5, 2267
Let c be 2/(-3) - 11/((-33)/458). Let g be (-2)/(-6) + c/3. Suppose -55*j + 16 = -g*j. List the prime factors of j.
2
Let z(m) = -m**2 - 22*m - 13. Let f be 130/13*2/4 - 2. Let j be -10*4/8*f. What are the prime factors of z(j)?
2, 23
Let z be (-1141)/(-4) + ((-5)/4)/5. Let d(h) = -2*h**2 + 2*h - 10. Let s be d(9). Let v = z + s. List the prime factors of v.
131
Suppose 10*f - 27644 - 301213 + 45947 = 0. What are the prime factors of f?
19, 1489
Suppose -5*a + 2*b + 34 = -b, b = 2. Suppose 6*w + 10 = a*w. List the prime factors of -5*w/(-50)*178.
89
Let k(y) = -19*y**2 + 23*y - 38. Let q(z) = z**2 - 8*z + 5. Let l be q(9). Let n be k(l). What are the prime factors of n/60*1/(2/(-3))?
2, 43
Let m(b) = b**2 + 15*b - 52. Let g be m(-18). Suppose -2*z - 792 = z. What are the prime factors of (-3 + 21/g)*z/(-15)?
2, 3, 11
Suppose n = -19 + 24. Suppose -h = h + 4*u - 202, n*h - u = 450. What are the prime factors of h?
7, 13
What are the prime factors of 75132/(-1 + 3) + -7 + 1?
2, 3, 5, 313
Suppose -5*w = -3*w + 66. Let j = w - -44. Suppose -81 = 8*t - j*t. What are the prime factors of t?
3
Let u = 6032 - 3178. What are the prime factors of u?
2, 1427
List the prime factors of (765065/(-45))/(-7) + (-7 - 520/(-72)).
7, 347
Let d = 60415 + -42060. What are the prime factors of d?
5, 3671
Suppose -36024 = -3*q - 13*v + 6*v, -12030 = -q + 5*v. What are the prime factors of q?
3, 5, 89
Let a(z) = -6*z**2 + 23*z + 10. Let q be a(4). Let b(v) = 119*v - 76. What are the prime factors of b(q)?
2, 11, 29
Let u be (26/9)/13 - (-83)/(-9). What are the prime factors of ((-6)/(-18))/(u/(-33399))?
1237
Let s be 623/(-14)*-28 + -8. Let z = s - 825. List the prime factors of z.
7, 59
List the prime factors of (-5941944)/(-126) + (-6)/21.
2, 17, 19, 73
Suppose -6 = c + 4*i, -10*c + 5*i - 3 = -13*c. What are the prime factors of (8 - c)/(14/12509)?
1787
Let p be ((-8)/6)/((-4)/12). Suppose -6*c + 103 = 5*f - 4*c, -f + 35 = p*c. List the prime factors of f.
19
Suppose 4*m - 54 = 4*a + 578, 3*a + 482 = 5*m. Suppose -3*l - 106 - 173 = 0. Let b = l - a. What are the prime factors of b?
61
Suppose 1234950 + 1256500 = 50*z. What are the prime factors of z?
13, 3833
Let f = 9427 - 1902. What are the prime factors of f?
5, 7, 43
Let r(n) = -n + 9. Let i be r(5). Let v(h) = -1 + i*h**2 + 14*h - 11 - 14 - 4*h. List the prime factors of v(6).
2, 89
Let d = -59 + 64. Let t(s) = 3*s**3 + 3*s**2 - 4*s + 2. Let b be t(d). Suppose -2*g - 2*r + 288 = 0, -5*r + b = 3*g - 3*r. List the prime factors of g.
2, 3
Let l(o) = o**2 + 11*o + 20. Let j be l(-9). Suppose 2*y = -6, -j*h - 2*y + 474 = -0*y. Suppose -m = -3*a - 60, 2*a - h = -3*m - a. List the prime factors of m.
3, 5
Let t = -5 + 9. Let k = 2797 + -2527. Suppose -c = t*c - k. List the prime factors of c.
2, 3
Suppose -p = 4*d - 61432, 292*p - 290*p = -d + 122920. List the prime factors of p.
2, 3, 13, 197
Let k be (-151)/2 + 2/4. Suppose 0 = 4*p - 4*z - 528, -65*p + 3*z + 656 = -60*p. Let y = k + p. List the prime factors of y.
5, 11
List the prime factors of ((-5184)/(-20))/(162/13500).
2, 3, 5
Let d = -2135 - -9348. What are the prime factors of d?
7213
Suppose 18*d = 15*d + 9. Suppose 3*j = -d*j - 18. List the prime factors of 6/(-2) - -218 - (5 + j).
3, 71
Let x(v) be the first derivative of v**3/3 - 4*v**2 + 6*v + 11. Let a be x(7). List the prime factors of (-3)/(3 + -6) + (-21)/a.
2, 11
Let b(o) = o**3 - 15*o**2 + 52*o + 2. List the prime factors of b(12).
2, 97
List the prime factors of (-16 + 13 + 24700)*1.
24697
Suppose 566*y - 563*y + 5*f = 67641, 2*y - 4*f = 45028. What are the prime factors of y?
2, 43, 131
Suppose 0 = -9*a - 33121 + 43209 + 68059. What are the prime factors of a?
19, 457
Suppose -4*k - 23*b + 21*b + 109038 = 0, 4*k + 4*b - 109032 = 0. What are the prime factors of k?
3, 13, 233
Let c(w) = -w**3 + 7*w**2 - 4*w - 5. Let z be c(6). Suppose 0 = -5*t - 3*x + 24, -z*x + 4*x = 3*t - 18. Suppose 4*a - 102 = t*a. List the prime factors of a.
2, 3, 17
Suppose y + 3*i + i = -3, -y = -i - 2. Let o(u) = u - y + u + 5*u - 8*u. What are the prime factors of o(-23)?
2, 11
Let i(y) = -8*y - 5*y**3 + y**2 - 24 + 6*y**3 - 13*y**2. Suppose -4*q = -6*q - 8, -32 = -4*r - 5*q. List the prime factors of i(r).
41
Suppose -246016 = -20*r - 3*r + 7*r. List the prime factors of r.
2, 31
Let a = 1 - -8. Suppose 7 = -x - 3*z, 0 = 3*x - 0*x + 5*z + a. Suppose x*v + 116 = 2*m - 2*v, 5*m - 235 = -v. List the prime factors of m.
2, 3
Let k(s) = 6*s**3 - 5*s**2 + 8*s. Let b be k(-6). What are the prime factors of b/18*-3 - -4?
2, 3, 43
Suppose -43372 - 33045 - 75353 = -15*s. List the prime factors of s.
2, 5059
Suppose 0 = -20*y + 23237 + 45483. List the prime factors of y.
2, 859
Let i(l) = l + 1. Let f be i(3). Suppose 0 = -3*o - f*v + 53 + 225, 100 = o + 5*v. Suppose -8*z = -46 - o. List the prime factors of z.
17
Suppose m - m - 5*m = 0. Suppose m = -5*l + 3949 - 1624. Let b = l - 270. What are the prime factors of b?
3, 5, 13
Let j = 11951 - 4065. List the prime factors of j.
2, 3943
Let n = 757 + 439. Suppose 2*z - m - 918 = 0, 3*z + 5*m - n = 194. List the prime factors of z.
2, 5, 23
Let w = -3358 - -3704. What are the prime factors of w?
2, 173
Let t(n) = n**2 + 15*n - 42. Let m be t(-20). Let y = -62 + m. List the prime factors of ((-1910)/10)/(4 + 0)*y.
191
Let c = 8875 - 4715. Suppose -c = -22*v + 14*v. What are the prime factors of v?
2, 5, 13
Let r(g) = 62*g**2 + 3*g + 4. Let p be r(4). Suppose 33185 = 23*k + p. What are the prime factors of k?
1399
Suppose -646*s = -678*s + 56768. List the prime factors of s.
2, 887
Let c be 46/253 + 57/(-11) - -3. List the prime factors of (546 - 4)*(5/c - -3).
271
Let g = 2304 - 1139. Suppose -13*s + g = 125. List the prime factors of s.
2, 5
Let v(m) = -m - 3. Let h(y) = -y**2 - 3. Let q be h(2). Let i be v(q). What are the prime factors of i - (-1 - 3 - 73)?
3
Suppose -j - 5*k + 27 + 2690 = 0, -j + 3*k = -2669. What are the prime factors of j?
2687
Let s(b) = b**3 + 7*b**2 - 6*b - 12. Let m be s(-6). Let j = -64 + m. What are the prime factors of (-6)/j + (-238)/(-4) + 3?
2
List the prime factors of (-24)/14 + 2 + 105293102/3682.
28597
Let z = 97 - 72. Suppose -5*i = -0*i + z. List the prime factors of i/(-25)*5 + 168.
13
Let o(h) = 18*h + 39. Let g be o(-2). Suppose -y - 1042 + 4079 = g*d, 0 = 3*d + 3*y - 3033. List the prime factors of d.
1013
Suppose 3*f = 5*x - 34 - 51, 0 = -3*f - 3*x - 93. Let h = f - -34. Suppose -h = -4*l, -4*m = -5*l + 3*l - 210. What are the prime factors of m?
53
Let b = -87 - -89. Suppose 19*j - b*j - 34 = 0. Suppose -2*l + 271 = -m, 0 = -2*l - j*l - 3*m + 517. What are the 